s divided by 318.
290
What is the remainder when 12084358 is divided by 23?
20
Calculate the remainder when 717146 is divided by 55163.
27
Calculate the remainder when 58859324 is divided by 899.
895
Calculate the remainder when 3768394 is divided by 11489.
2
Calculate the remainder when 16958108 is divided by 26.
24
What is the remainder when 22859 is divided by 22834?
25
Calculate the remainder when 323611 is divided by 469.
1
What is the remainder when 613107 is divided by 1259?
1233
What is the remainder when 581531 is divided by 20052?
23
Calculate the remainder when 2669941 is divided by 228.
61
Calculate the remainder when 122599498 is divided by 60.
58
What is the remainder when 9054900 is divided by 798?
792
Calculate the remainder when 34233 is divided by 361.
299
What is the remainder when 50476 is divided by 16?
12
Calculate the remainder when 431560 is divided by 1444.
1248
Calculate the remainder when 462875 is divided by 744.
107
What is the remainder when 16300 is divided by 2704?
76
Calculate the remainder when 1167204 is divided by 8646.
8640
What is the remainder when 33728 is divided by 16700?
328
Calculate the remainder when 10588830 is divided by 52.
18
What is the remainder when 206323 is divided by 2388?
955
What is the remainder when 316487 is divided by 4852?
1107
Calculate the remainder when 36519696 is divided by 725.
721
Calculate the remainder when 203828 is divided by 5994.
32
Calculate the remainder when 264138 is divided by 655.
173
Calculate the remainder when 1759120 is divided by 879560.
0
Calculate the remainder when 1378817 is divided by 13268.
12213
Calculate the remainder when 84204 is divided by 83927.
277
Calculate the remainder when 9503494 is divided by 199.
50
What is the remainder when 205946 is divided by 656?
618
Calculate the remainder when 15521934 is divided by 52.
38
Calculate the remainder when 101576 is divided by 6722.
746
What is the remainder when 20160 is divided by 8796?
2568
What is the remainder when 132966 is divided by 596?
58
Calculate the remainder when 256797 is divided by 161.
2
What is the remainder when 2106826 is divided by 543?
529
What is the remainder when 4256280 is divided by 601?
599
What is the remainder when 560071 is divided by 34911?
1495
Calculate the remainder when 3982968 is divided by 4776.
4560
What is the remainder when 7593593 is divided by 2299?
2295
Calculate the remainder when 90153 is divided by 29910.
423
What is the remainder when 1397147 is divided by 993?
989
What is the remainder when 775442 is divided by 134?
118
What is the remainder when 1085299 is divided by 6420?
319
Calculate the remainder when 123732 is divided by 3639.
6
Calculate the remainder when 4198421 is divided by 78.
71
What is the remainder when 26133696 is divided by 92020?
16
Calculate the remainder when 191426 is divided by 7970.
146
What is the remainder when 5618847 is divided by 26?
13
Calculate the remainder when 47582 is divided by 23652.
278
Calculate the remainder when 1274760 is divided by 2344.
1968
Calculate the remainder when 124473209 is divided by 1831.
1829
What is the remainder when 29627730 is divided by 257?
256
Calculate the remainder when 211861 is divided by 1080.
181
Calculate the remainder when 238735 is divided by 7476.
6979
Calculate the remainder when 54422 is divided by 592.
550
Calculate the remainder when 147995 is divided by 3.
2
What is the remainder when 32664210 is divided by 14?
12
Calculate the remainder when 7110380 is divided by 157.
7
What is the remainder when 287697 is divided by 1624?
249
What is the remainder when 361753117 is divided by 13?
11
Calculate the remainder when 9289339 is divided by 29.
1
Calculate the remainder when 391324 is divided by 688.
540
What is the remainder when 617127 is divided by 232?
7
Calculate the remainder when 4721269 is divided by 205272.
13
Calculate the remainder when 3812649 is divided by 25.
24
Calculate the remainder when 917126 is divided by 30551.
596
Calculate the remainder when 93239985 is divided by 10359998.
3
Calculate the remainder when 1815944 is divided by 360.
104
Calculate the remainder when 30848040 is divided by 91.
41
What is the remainder when 36339019 is divided by 225?
169
Calculate the remainder when 1809121 is divided by 869.
732
What is the remainder when 1699273 is divided by 7?
2
What is the remainder when 26579 is divided by 3876?
3323
Calculate the remainder when 63827 is divided by 936.
179
Calculate the remainder when 283267 is divided by 124.
51
Calculate the remainder when 8802 is divided by 2547.
1161
What is the remainder when 1194759 is divided by 198951?
1053
Calculate the remainder when 20487 is divided by 1703.
51
Calculate the remainder when 158120 is divided by 4516.
60
Calculate the remainder when 12311734 is divided by 739.
733
Calculate the remainder when 18293515 is divided by 185.
160
What is the remainder when 40503 is divided by 268?
35
What is the remainder when 6428 is divided by 1283?
13
What is the remainder when 551096 is divided by 37?
18
Calculate the remainder when 3298614 is divided by 112.
102
Calculate the remainder when 7237064 is divided by 219.
209
Calculate the remainder when 1046544 is divided by 1723.
683
Calculate the remainder when 794707 is divided by 146.
29
Calculate the remainder when 20559 is divided by 6852.
3
What is the remainder when 431574 is divided by 14794?
2548
Calculate the remainder when 1245036 is divided by 142.
122
Calculate the remainder when 44316 is divided by 8730.
666
What is the remainder when 6299888 is divided by 768?
752
Calculate the remainder when 1822182 is divided by 68.
54
Calculate the remainder when 904477 is divided by 225256.
3453
Calculate the remainder when 73871 is divided by 73753.
118
What is the remainder when 1835482 is divided by 333?
319
Calculate the remainder when 10560 is divided by 5499.
5061
Calculate the remainder when 617901 is divided by 42.
39
What is the remainder when 1782 is divided by 73?
30
What is the remainder when 7740200 is divided by 1105739?
27
What is the remainder when 9496530 is divided by 955?
10
Calculate the remainder when 211171 is divided by 386.
29
What is the remainder when 2229207 is divided by 2718?
447
Calculate the remainder when 57939 is divided by 5212.
607
Calculate the remainder when 1108801 is divided by 221756.
21
Calculate the remainder when 9067701 is divided by 33.
27
Calculate the remainder when 3542275 is divided by 2332.
2299
Calculate the remainder when 18230522 is divided by 237.
8
What is the remainder when 928444 is divided by 309481?
1
What is the remainder when 20340026 is divided by 873?
872
Calculate the remainder when 503879 is divided by 190.
189
What is the remainder when 8914441 is divided by 1967?
1964
Calculate the remainder when 49242980 is divided by 3248.
52
Calculate the remainder when 129874947 is divided by 294501.
6
Calculate the remainder when 5100698 is divided by 2191.
50
What is the remainder when 1082591 is divided by 90?
71
Calculate the remainder when 15876281 is divided by 7938043.
195
What is the remainder when 863399 is divided by 531?
524
What is the remainder when 1277655 is divided by 2897?
78
Calculate the remainder when 104410 is divided by 34697.
319
What is the remainder when 906851840 is divided by 292?
288
What is the remainder when 62234035 is divided by 146433?
10
Calculate the remainder when 236001 is divided by 64.
33
What is the remainder when 15051613 is divided by 836200?
13
What is the remainder when 269893 is divided by 3816?
2773
What is the remainder when 247418 is divided by 376?
10
Calculate the remainder when 8198104 is divided by 2732699.
7
Calculate the remainder when 58615 is divided by 29279.
57
What is the remainder when 1284565 is divided by 428168?
61
What is the remainder when 95759837 is divided by 272820?
17
What is the remainder when 980395954 is divided by 148?
146
What is the remainder when 703264 is divided by 273?
16
What is the remainder when 20144895 is divided by 306?
303
What is the remainder when 17853240 is divided by 133233?
18
What is the remainder when 252330335 is divided by 2427?
2426
Calculate the remainder when 27008656 is divided by 121115.
11
What is the remainder